NOAA-Style Climate Reports

Select a Year or Month report
2024: Jan Feb Mar Apr May Jun Jul Aug Sep Oct Nov Dec
2023: Jan Feb Mar Apr May Jun Jul Aug Sep Oct Nov Dec
2022: Jan Feb Mar Apr May Jun Jul Aug Sep Oct Nov Dec
2021: Jan Feb Mar Apr May Jun Jul Aug Sep Oct Nov Dec
2020: Jan Feb Mar Apr May Jun Jul Aug Sep Oct Nov Dec
2019: Jan Feb Mar Apr May Jun Jul Aug Sep Oct Nov Dec

Report for 2019

Daily NOAA report



                            YEARLY CLIMATOLOGICAL SUMMARY for Dec 2019

NAME: SatelliteGuys   CITY: Newington STATE: Connecticut
ELEV: 0 LAT: 041:41:00 LONG: 0072:43:00

                            TEMPERATURE ( °F), RAIN (in.), WIND SPEED (mph)

                                                 HEAT     COOL           AVG
      MEAN                                       DEG      DEG            WIND                        DOM
MTH   TEMP    HIGH   TIME      LOW     TIME      DAYS     DAYS   RAIN    SPEED    HIGH    TIME       DIR
--------------------------------------------------------------------------------------------------------
01    28.0   055.5   13:12   -02.4   08:03    1144.2    0000.0   03.82    02.8     030    23:53     WNW
02    31.3   063.9   15:41    05.3   07:46    0942.3    0000.0   02.28    02.9     037    23:57     WNW
03    36.8   069.5   16:30    06.6   06:37    0873.6    0000.0   02.07    02.8     029    23:58     WNW
04    50.5   078.1   15:37    23.8   07:10    0432.2    0000.1   06.21    03.0     032    23:57      W 
05    59.6   082.3   16:14    47.1   05:20    0030.3    0003.1   03.60    01.1     012    23:57      W 
06    69.2   092.0   16:20    32.0   22:58    0021.0    0143.9   02.32    01.2     021    23:57      W 
07    77.1   098.1   16:08    59.0   07:02    0000.0    0377.6   04.40    01.1     016    23:57      W 
08    72.9   096.6   14:55    52.2   07:17    0000.5    0246.2   04.06    01.0     021    23:57      W 
09    64.9   090.9   15:55    40.5   07:21    0057.6    0056.5   01.57    01.2     016    23:52      W 
10    54.8   086.4   13:58    35.5   08:03    0323.3    0010.2   04.28    01.6     033    23:11      W 
11    38.8   070.9   01:24    16.6   06:46    0777.4    0000.0   01.53    02.4     041    23:55      W 
12    32.7   054.5   13:57    12.0   07:47    0998.3    0000.0   03.85    02.2     026    23:55     WNW
--------------------------------------------------------------------------------------------------------
      50.8    98.1            -2.4            5600.8     837.5   39.99     2.0     41              WNW

Max >  90.0: 53
Max <  32.0: 28
Min <  32.0: 336
Min <   0.0: 1
Max >  90.0: 53
Max <  32.0: 28
Min <  32.0: 336
Min <   0.0: 1
Max < 23.0: 4
Min <  23.0: 53
Max <  14.0: 1
Min <  14.0: 12
Max <   5.0: 0
Min <   0.0: 1
Max <  -4.0: 0
Min <  -4.0: 0
Max < -13.0: 0
Min < -13.0: 0
Max Rain: 0.14 ON 31-01-20
Days of Rain: 134 (> .008in) 85 (> .08in) 9 (> 0.8in)
Max < 23: 1