NOAA-Style Climate Reports

Select a Year or Month report
2024: Jan Feb Mar Apr May Jun Jul Aug Sep Oct Nov Dec
2023: Jan Feb Mar Apr May Jun Jul Aug Sep Oct Nov Dec
2022: Jan Feb Mar Apr May Jun Jul Aug Sep Oct Nov Dec
2021: Jan Feb Mar Apr May Jun Jul Aug Sep Oct Nov Dec
2020: Jan Feb Mar Apr May Jun Jul Aug Sep Oct Nov Dec
2019: Jan Feb Mar Apr May Jun Jul Aug Sep Oct Nov Dec

Report for 2019 April

Daily NOAA report



                            MONTHLY CLIMATOLOGICAL SUMMARY for APR. 2019

NAME: SatelliteGuys   CITY: Newington STATE: Connecticut
ELEV: 0 LAT: 041:41:00 LONG: 0072:43:00

                            TEMPERATURE ( °F), RAIN (in.), WIND SPEED (mph)

                                               HEAT     COOL           AVG
      MEAN                                     DEG      DEG            WIND                      DOM
DAY   TEMP    HIGH   TIME     LOW    TIME      DAYS     DAYS    RAIN   SPEED   HIGH    TIME      DIR
--------------------------------------------------------------------------------------------------------
01    37.2   043.9   16:23    29.7   00:00     27.8     00.0   00.00   005     026    10:56      NW
02    37.7   052.0   15:25    23.8   07:10     27.2     00.0   00.00   002     018    13:12     SSE
03    48.6   065.4   15:56    37.2   05:44     16.4     00.0   00.05   005     032    16:20     WNW
04    43.5   055.4   15:28    35.3   02:54     21.4     00.0   00.00   004     023    10:36      NW
05    37.4   046.0   15:26    31.5   04:35     27.6     00.0   00.16   001     012    17:18      SW
06    47.6   062.5   14:17    35.1   00:16     17.3     00.0   00.09   002     016    17:01     NNW
07    52.7   069.0   14:23    37.4   07:04     12.3     00.0   00.00   003     017    12:46      S 
08    46.7   053.0   11:52    40.4   00:00     18.2     00.0   00.34   002     012    13:18      NE
09    42.3   048.7   16:21    38.5   06:55     22.6     00.0   00.10   002     012    16:30     ESE
10    44.5   051.9   16:34    38.2   07:05     20.4     00.0   00.01   003     025    09:36     NNW
11    43.1   055.7   14:00    32.7   07:16     21.8     00.0   00.00   001     018    13:59     NNW
12    48.4   056.5   00:00    41.2   02:04     16.6     00.0   00.69   002     015    23:31     SSE
13    62.6   076.0   16:25    56.2   06:51     02.3     00.0   00.48   005     020    01:23      S 
14    61.4   077.2   14:07    53.0   07:24     03.5     00.0   00.04   002     014    14:47     SSE
15    55.2   066.6   12:33    42.7   23:42     09.7     00.0   01.00   005     030    21:32     WSW
16    49.6   060.9   15:34    40.2   06:11     15.4     00.0   00.00   005     026    12:11      NW
17    52.3   066.7   15:14    39.6   07:20     12.6     00.0   00.00   002     012    23:08     SSE
18    48.5   056.1   00:00    42.9   02:59     16.4     00.0   00.01   002     015    23:51      SE
19    65.0   076.0   15:29    56.1   00:04     00.0     00.1   00.17   007     024    17:54      S 
20    63.4   066.5   02:16    58.4   00:00     01.5     00.0   00.69   005     029    01:04     SSE
21    57.0   061.1   15:51    50.5   00:00     07.9     00.0   00.06   002     012    14:03     SSE
22    56.2   067.8   13:19    48.8   04:42     08.7     00.0   00.37   003     016    14:20     NNE
23    62.8   078.1   15:37    55.9   06:36     02.2     00.0   00.01   003     015    16:26      E 
24    56.9   064.4   15:45    46.9   00:00     08.1     00.0   00.02   003     018    09:26      N 
25    54.0   071.6   15:12    42.7   07:12     11.0     00.0   00.00   002     014    15:08     SSE
26    51.7   054.2   16:39    48.2   00:00     13.3     00.0   01.48   002     022    15:13     ENE
27    47.8   053.7   13:28    44.8   23:41     17.2     00.0   00.21   004     026    13:17     WNW
28    44.5   048.3   11:28    38.7   06:35     20.5     00.0   00.07   001     008    00:10     WNW
29    49.0   064.7   15:40    35.6   06:31     15.9     00.0   00.00   002     014    18:54     SSW
30    48.4   055.7   17:42    43.1   07:32     16.5     00.0   00.15   001     009    18:39     NNW
--------------------------------------------------------------------------------------------------------
50.5 (51.5)   78.1  day 23     23.8  day 02   432.2    000.1   06.21   03.0     032   day 03      SW
Min <  86: 30
Max Rain: 1.48 ON 26-04-19
Days of Rain: 21 (> .008in) 13 (> .08in) 2 (> 0.8in)