NOAA-Style Climate Reports

Select a Year or Month report
2024: Jan Feb Mar Apr May Jun Jul Aug Sep Oct Nov Dec
2023: Jan Feb Mar Apr May Jun Jul Aug Sep Oct Nov Dec
2022: Jan Feb Mar Apr May Jun Jul Aug Sep Oct Nov Dec
2021: Jan Feb Mar Apr May Jun Jul Aug Sep Oct Nov Dec
2020: Jan Feb Mar Apr May Jun Jul Aug Sep Oct Nov Dec
2019: Jan Feb Mar Apr May Jun Jul Aug Sep Oct Nov Dec

Report for 2022

Daily noaa report



                            YEARLY CLIMATOLOGICAL SUMMARY for Dec 2022

NAME: SatelliteGuys   CITY: Newington STATE: Connecticut
ELEV: 0 LAT: 041:41:00 LONG: 0072:43:00

                            TEMPERATURE ( °F), RAIN (in.), WIND SPEED (mph)

                                                 HEAT     COOL           AVG
      MEAN                                       DEG      DEG            WIND                        DOM
MTH   TEMP    HIGH   TIME      LOW     TIME      DAYS     DAYS   RAIN    SPEED    HIGH    TIME       DIR
--------------------------------------------------------------------------------------------------------
01    26.5   052.4   16:04    02.6   07:09    1192.5    0000.0   01.80    01.5     023    23:57      W 
02    32.5   069.0   14:41    07.7   05:49    0904.1    0000.0   03.32    02.1     029    23:57     WSW
03    41.3   075.3   16:29    14.9   06:10    0732.0    0000.0   02.70    02.1     031    23:56     WSW
04    49.9   080.3   15:38    32.9   06:44    0450.1    0000.0   03.72    02.1     023    23:57     WSW
05    62.9   093.5   16:07    38.2   06:43    0137.3    0073.3   02.02    01.5     022    23:57     WSW
06    68.6   092.0   17:28    50.7   05:22    0015.1    0125.7   03.43    01.0     021    23:56     WSW
07    76.9   098.1   16:39    57.9   06:47    0000.0    0365.9   02.32    01.2     026    14:19     WSW
08    75.6   094.9   13:38    54.5   06:55    0000.0    0276.6   02.32    01.1     020    23:57      SW
09    58.7   077.8   16:00    43.2   04:38    0059.8    0003.9   06.34    01.0     018    23:57      SW
10    53.5   077.8   15:33    28.6   08:02    0354.1    0001.0   03.34    01.0     020    23:57     WSW
11    47.2   079.1   12:16    21.5   07:24    0539.5    0006.9   02.94    01.8     026    23:56     WSW
12    49.3   061.3   14:50    41.9   01:01    0031.4    0000.0   03.85    01.5     014    23:54      SW
--------------------------------------------------------------------------------------------------------
      53.4    98.1            2.6            4416.0     853.2   38.09     1.5     31               SW

Max >  90.0: 44
Max <  32.0: 15
Min <  32.0: 311
Min <   0.0: 0
Max >  90.0: 44
Max <  32.0: 15
Min <  32.0: 311
Min <   0.0: 0
Max < 23.0: 3
Min <  23.0: 46
Max <  14.0: 0
Min <  14.0: 17
Max <   5.0: 0
Min <   0.0: 0
Max <  -4.0: 0
Min <  -4.0: 0
Max < -13.0: 0
Min < -13.0: 0
Max Rain: 0.37 ON 31-01-23
Days of Rain: 116 (> .008in) 78 (> .08in) 8 (> 0.8in)