NOAA-Style Climate Reports

Select a Year or Month report
2024: Jan Feb Mar Apr May Jun Jul Aug Sep Oct Nov Dec
2023: Jan Feb Mar Apr May Jun Jul Aug Sep Oct Nov Dec
2022: Jan Feb Mar Apr May Jun Jul Aug Sep Oct Nov Dec
2021: Jan Feb Mar Apr May Jun Jul Aug Sep Oct Nov Dec
2020: Jan Feb Mar Apr May Jun Jul Aug Sep Oct Nov Dec
2019: Jan Feb Mar Apr May Jun Jul Aug Sep Oct Nov Dec

Report for 2023

Daily noaa report



                            YEARLY CLIMATOLOGICAL SUMMARY for Dec 2023

NAME: SatelliteGuys   CITY: Newington STATE: Connecticut
ELEV: 0 LAT: 041:41:00 LONG: 0072:43:00

                            TEMPERATURE ( °F), RAIN (in.), WIND SPEED (mph)

                                                 HEAT     COOL           AVG
      MEAN                                       DEG      DEG            WIND                        DOM
MTH   TEMP    HIGH   TIME      LOW     TIME      DAYS     DAYS   RAIN    SPEED    HIGH    TIME       DIR
--------------------------------------------------------------------------------------------------------
01    37.6   056.1   04:29    24.6   08:16    0849.0    0000.0   04.51    01.2     029    23:53     WNW
02    35.7   067.5   14:05   -06.5   06:53    0724.0    0000.0   00.18    01.8     024    12:21     WSW
03    41.9   063.5   16:48    25.0   07:12    0472.7    0000.0   02.67    02.0     023    23:53     WSW
04    52.1   071.9   13:39    34.4   06:45    0192.6    0000.0   04.52    01.3     022    23:57     WSW
05    59.9   086.3   15:47    33.6   06:29    0174.4    0016.7   02.32    01.2     021    23:57     WSW
06    67.1   094.2   14:58    46.8   06:21    0045.7    0110.9   02.27    00.9     017    23:57      SW
07    76.2   093.2   15:25    57.3   06:49    0000.0    0347.8   09.08    00.8     021    23:57      SW
08    71.5   088.8   16:33    53.2   06:53    0000.1    0202.3   03.29    00.9     015    23:55      SW
09    65.8   096.3   15:44    44.4   03:36    0090.4    0117.7   12.48    00.8     018    23:57     WSW
10    57.1   088.1   16:47    36.1   07:12    0258.3    0014.5   02.57    00.7     016    23:56     WSW
11    41.2   066.1   15:44    22.3   07:47    0712.5    0000.0   01.51    01.1     018    23:57     WSW
12    39.6   063.0   08:19    18.6   07:42    0786.0    0000.0   06.89    01.0     024    23:57     WSW
--------------------------------------------------------------------------------------------------------
      54.5    96.3            -6.5            4305.8     809.9   52.28     1.1     29              WSW

Max >  90.0: 36
Max <  32.0: 3
Min <  32.0: 336
Min <   0.0: 2
Max >  90.0: 36
Max <  32.0: 3
Min <  32.0: 336
Min <   0.0: 2
Max < 23.0: 1
Min <  23.0: 14
Max <  14.0: 0
Min <  14.0: 2
Max <   5.0: 0
Min <   0.0: 2
Max <  -4.0: 0
Min <  -4.0: 1
Max < -13.0: 0
Min < -13.0: 0
Max Rain: 0.00 ON 31-01-24
Days of Rain: 127 (> .008in) 75 (> .08in) 23 (> 0.8in)
Max Rain: 1.89 ON 18-12-24