NOAA-Style Climate Reports

Select a Year or Month report
2024: Jan Feb Mar Apr May Jun Jul Aug Sep Oct Nov Dec
2023: Jan Feb Mar Apr May Jun Jul Aug Sep Oct Nov Dec
2022: Jan Feb Mar Apr May Jun Jul Aug Sep Oct Nov Dec
2021: Jan Feb Mar Apr May Jun Jul Aug Sep Oct Nov Dec
2020: Jan Feb Mar Apr May Jun Jul Aug Sep Oct Nov Dec
2019: Jan Feb Mar Apr May Jun Jul Aug Sep Oct Nov Dec

Report for 2023 March

Daily noaa report



                            MONTHLY CLIMATOLOGICAL SUMMARY for MAR. 2023

NAME: SatelliteGuys   CITY: Newington STATE: Connecticut
ELEV: 0 LAT: 041:41:00 LONG: 0072:43:00

                            TEMPERATURE ( °F), RAIN (in.), WIND SPEED (mph)

                                               HEAT     COOL           AVG
      MEAN                                     DEG      DEG            WIND                      DOM
DAY   TEMP    HIGH   TIME     LOW    TIME      DAYS     DAYS    RAIN   SPEED   HIGH    TIME      DIR
--------------------------------------------------------------------------------------------------------
12    40.0   044.4   18:00    38.4   00:00     24.9     00.0   00.03   002     010    20:21      S 
13    39.0   043.1   15:06    35.6   00:00     25.9     00.0   00.52   002     012    18:33     ENE
14    34.9   044.3   13:01    33.3   22:40     30.1     00.0   00.91   003     017    19:40      NW
15    36.5   042.1   14:22    33.7   00:09     28.4     00.0   00.01   004     023    10:09     NNW
16    40.8   053.7   16:44    30.4   05:56     24.2     00.0   00.00   002     014    13:48     WNW
17    43.9   057.7   15:31    31.2   06:00     21.0     00.0   00.00   001     012    16:29     SSW
18    45.5   051.7   16:31    36.4   22:37     19.4     00.0   00.00   002     013    09:16      NW
19    34.2   040.9   00:09    28.8   07:46     30.8     00.0   00.00   004     020    11:37      W 
20    38.2   053.4   16:49    26.5   07:40     26.7     00.0   00.00   003     017    13:54      SW
21    46.3   062.5   17:06    29.9   07:00     18.6     00.0   00.00   002     016    15:50      SW
22    47.3   063.5   14:09    32.5   07:24     17.6     00.0   00.00   002     020    15:31      S 
23    51.2   056.1   11:40    48.4   07:55     13.7     00.0   00.05   002     014    22:05     SSW
24    46.5   056.0   15:33    38.1   07:14     18.4     00.0   00.00   001     012    17:29     NNW
25    38.3   041.4   12:49    33.7   05:02     26.7     00.0   00.15   001     012    17:13     ENE
26    48.8   063.5   16:48    37.9   06:53     16.1     00.0   00.01   002     017    17:16      W 
27    45.4   061.4   14:27    32.5   05:30     19.6     00.0   00.24   001     016    17:51     ESE
28    42.7   049.8   17:36    37.8   08:10     22.3     00.0   00.06   001     010    16:23     NNE
29    42.6   055.9   16:06    30.3   07:25     22.4     00.0   00.00   002     014    17:23      S 
30    35.7   043.7   16:57    28.5   07:18     29.2     00.0   00.00   003     020    13:20      NW
31    38.0   048.7   12:43    25.0   07:12     27.0     00.0   00.00   002     014    12:14     SSW
--------------------------------------------------------------------------------------------------------
41.8 (42.6)   63.5  day 26     25.0  day 31   463.0    000.0   02.67   02.0     023   day 26     WSW
Min <  86: 20
Max Rain: 0.91 ON 14-03-23
Days of Rain: 9 (> .008in) 4 (> .08in) 1 (> 0.8in)