NOAA-Style Climate Reports

Select a Year or Month report
2024: Jan Feb Mar Apr May Jun Jul Aug Sep Oct Nov Dec
2023: Jan Feb Mar Apr May Jun Jul Aug Sep Oct Nov Dec
2022: Jan Feb Mar Apr May Jun Jul Aug Sep Oct Nov Dec
2021: Jan Feb Mar Apr May Jun Jul Aug Sep Oct Nov Dec
2020: Jan Feb Mar Apr May Jun Jul Aug Sep Oct Nov Dec
2019: Jan Feb Mar Apr May Jun Jul Aug Sep Oct Nov Dec

Report for 2023 April

Daily noaa report



                            MONTHLY CLIMATOLOGICAL SUMMARY for APR. 2023

NAME: SatelliteGuys   CITY: Newington STATE: Connecticut
ELEV: 0 LAT: 041:41:00 LONG: 0072:43:00

                            TEMPERATURE ( °F), RAIN (in.), WIND SPEED (mph)

                                               HEAT     COOL           AVG
      MEAN                                     DEG      DEG            WIND                      DOM
DAY   TEMP    HIGH   TIME     LOW    TIME      DAYS     DAYS    RAIN   SPEED   HIGH    TIME      DIR
--------------------------------------------------------------------------------------------------------
16    62.2   069.6   16:34    57.5   00:00     02.8     00.0   00.06   001     008    15:38     SSE
17    56.9   062.5   18:06    54.1   00:00     08.0     00.0   00.02   001     009    18:47      S 
18    51.5   057.6   15:43    47.6   00:00     13.5     00.0   00.00   004     022    14:36     WSW
19    45.8   055.3   16:05    35.9   06:38     19.1     00.0   00.00   002     013    17:29     WNW
20    52.3   070.6   17:11    37.5   01:56     12.7     00.0   00.00   001     010    17:14      W 
21    57.9   071.9   13:39    47.6   06:51     07.0     00.0   00.00   001     010    15:47      SE
22    54.4   062.4   13:02    48.3   06:03     10.5     00.0   00.06   002     010    23:47      E 
23    53.2   057.1   14:08    48.7   00:00     11.8     00.0   01.93   001     010    04:53     ENE
24    50.3   061.1   16:25    42.2   07:17     14.6     00.0   00.00   001     009    15:12      N 
25    48.4   058.2   14:58    35.9   06:20     16.6     00.0   00.00   001     012    15:03      NW
26    47.9   062.0   14:09    34.4   06:45     17.1     00.0   00.00   001     014    16:38      SW
27    49.4   057.9   15:05    44.2   04:25     15.5     00.0   00.24   001     012    18:05     SSW
28    50.5   062.0   13:33    42.0   01:49     14.5     00.0   00.00   001     010    15:13      S 
29    49.5   055.1   16:11    45.5   06:42     15.5     00.0   00.54   001     012    20:09     ENE
30    51.5   055.5   16:19    47.2   00:32     13.5     00.0   00.89   001     013    17:33      NE
--------------------------------------------------------------------------------------------------------
52.1 (52.9)   71.9  day 21     34.4  day 26   192.5    000.0   04.52   01.3     022   day 18      S 
Min <  86: 15
Max Rain: 1.93 ON 23-04-23
Days of Rain: 7 (> .008in) 4 (> .08in) 2 (> 0.8in)